25*g**2 - 2394*g - 10010. What is h(-4)?
30
Let w(t) = -1466162*t + 5864656. What is w(4)?
8
Let x(r) = -1039*r - 991. Calculate x(-1).
48
Let h(u) = u**2 + 22448*u - 1531081. Give h(68).
7
Let y(x) = x**2 - 344*x - 45796. What is y(446)?
-304
Let m(l) = -l**2 - 289*l + 34584. Give m(91).
4
Let f(y) = -528*y + 32242. Give f(61).
34
Let m(x) = -2*x**2 - 538*x - 24480. Determine m(-211).
-4
Let h(p) = -66*p**2 - 1173*p - 126. Give h(-18).
-396
Let h(z) = -2*z**2 + 861*z - 45146. Calculate h(61).
-67
Let a(l) = 77*l + 1793. Give a(-23).
22
Let j(s) = 4*s - 4263. What is j(29)?
-4147
Let t(l) = l**3 - 110*l**2 - 113*l - 823. What is t(111)?
-1045
Let p(c) = 1692*c + 20101. Determine p(-12).
-203
Let z(y) = 63*y**3 - 7434*y**2 - y + 130. Calculate z(118).
12
Let y(x) = -33857*x - 22988901. Calculate y(-679).
2
Let r(a) = 4*a**2 + 1903*a - 341. Give r(0).
-341
Let m(w) = w**3 + 61*w**2 - 168*w - 10250. Give m(-61).
-2
Let k(s) = 2*s**3 - 3*s**2 - 553*s - 1625. Calculate k(-3).
-47
Let q(h) = h**3 + 253*h**2 + 725*h - 6310. Determine q(-250).
-60
Let l(z) = -3*z**3 + 15*z**2 - 560*z + 1086. Calculate l(2).
2
Let r(l) = 2*l**2 + 4677*l + 88082. What is r(-19)?
-59
Let r(a) = -4*a**3 + 43*a**2 + 152*a - 1768. Determine r(10).
52
Let j(q) = 194*q - 8305. Determine j(42).
-157
Let w(i) = 459*i - 34006. What is w(74)?
-40
Let o(f) = 2678*f**2 + 128549*f + 222. Give o(-48).
-18
Let n(s) = 3*s**2 - 818*s + 53319. What is n(164)?
-145
Let z(t) = 726*t + 42928. What is z(-59)?
94
Let m(n) = 227*n**2 - 1119*n - 33. Give m(5).
47
Let g(q) = -10678*q - 117590. What is g(-11)?
-132
Let r(k) = -k**3 - 10*k**2 - 86030*k - 516041. Give r(-6).
-5
Let o(m) = 88917*m - 355675. Calculate o(4).
-7
Let y(v) = 2*v**3 + 508*v**2 + 22789*v + 10380. Give y(-196).
-8
Let l(y) = -y**2 - 132*y - 1168. What is l(-95)?
2347
Let r(f) = 3*f**2 - 801*f - 7506. Determine r(-9).
-54
Let q(u) = 406*u + 143090. Determine q(-354).
-634
Let j(s) = s**3 + 99*s**2 + 592*s + 3168. What is j(-93)?
6
Let z(p) = 30*p**2 - 367*p + 61. Give z(12).
-23
Let f(z) = 686*z + 2746. What is f(-5)?
-684
Let z(x) = 26*x**2 + 119*x - 896. Calculate z(4).
-4
Let a(u) = 138*u + 277. What is a(30)?
4417
Let t(u) = -7075*u + 1026370. Calculate t(145).
495
Let i(j) = -3*j**2 + 577*j + 16797. Determine i(-30).
-3213
Let h(f) = -2*f**3 - 735*f**2 - 24750*f - 116. Determine h(-330).
-116
Let y(h) = h**3 - 12*h**2 + 124*h - 11. Determine y(7).
612
Let u(l) = -l**3 + 381*l**2 + 13669*l + 197. Calculate u(-33).
-34
Let w(f) = -57*f**3 - 46*f**2 - 7*f - 8. Calculate w(-1).
10
Let y(t) = -27*t**3 - 31*t**2 - 7*t - 89. Determine y(5).
-4274
Let d(s) = 61669*s + 61629. What is d(-1)?
-40
Let c(n) = 3*n**2 - 100*n - 1196. What is c(43)?
51
Let u(b) = 6813*b**2 + 27248*b - 17. What is u(-4)?
-1
Let k(h) = 65338*h + 2352162. Determine k(-36).
-6
Let f(b) = b**2 - 4068*b + 60725. Determine f(15).
-70
Let k(l) = -11433*l - 11593. Determine k(-1).
-160
Let a(y) = 598*y + 6990. Give a(-14).
-1382
Let n(j) = -333*j**2 - 20*j - 38. Give n(-2).
-1330
Let p(r) = -10510*r - 557376. Determine p(-53).
-346
Let p(t) = 639*t**2 - 20459*t + 351. Calculate p(32).
-1
Let s(q) = q**2 + 114*q - 5588. What is s(37)?
-1
Let s(n) = 1906*n - 1122685. Determine s(589).
-51
Let x(f) = f**2 + 2108*f - 34042. What is x(16)?
-58
Let v(w) = 2*w**3 + 39*w**2 + 125*w - 104. Give v(-15).
46
Let d(s) = 10*s**2 - 435*s + 181. What is d(42)?
-449
Let s(v) = v**2 + 497*v + 46280. What is s(-374)?
278
Let o(a) = -a**3 + 332*a**2 - 201*a - 151508. Give o(330).
-38
Let l(q) = q**3 + 4*q**2 - 1941*q - 438. Calculate l(-46).
-24
Let f(o) = -6*o**2 - 290*o - 2577. Calculate f(-11).
-113
Let c(a) = 3*a**3 + 292*a**2 + 128*a + 3592. Calculate c(-97).
585
Let v(r) = -2775*r - 377399. Give v(-136).
1
Let g(d) = -5929*d - 129583. Calculate g(-22).
855
Let w(d) = -2756*d + 26071. Calculate w(9).
1267
Let u(y) = -1111710*y + 54473783. What is u(49)?
-7
Let u(x) = -x**3 + 14*x**2 - 9590*x + 28696. What is u(3)?
25
Let v(p) = 8*p**2 - 109*p + 335. Determine v(4).
27
Let p(v) = -4685*v - 61644. Calculate p(-13).
-739
Let a(y) = y**3 - 782*y**2 - 49622*y + 2490. Determine a(841).
-33
Let v(b) = 3*b**2 + 67*b - 11093. Determine v(-73).
3
Let u(q) = -q**3 - 194*q**2 + 366*q + 33321. Give u(-195).
-24
Let b(i) = i**2 - 46*i - 25742. Give b(-139).
-27
Let o(y) = 166*y - 4743. Give o(29).
71
Let b(d) = -2223*d**2 - 246747*d + 671. What is b(-111)?
5
Let p(v) = -391*v**2 + 79772*v - 1635. Calculate p(204).
-3
Let d(k) = 53164*k + 159495. Calculate d(-3).
3
Let o(u) = 202*u + 10458. Determine o(-52).
-46
Let x(w) = -345*w**3 - 6*w**2 - 6*w. What is x(-1)?
345
Let z(g) = -g**3 - 277*g - 2480. What is z(-8)?
248
Let u(s) = 32*s**2 - 8554*s - 31958. What is u(271)?
20
Let o(u) = 193*u**2 - 1142*u + 41. Give o(6).
137
Let h(p) = 92997*p - 14. Determine h(0).
-14
Let k(v) = -v**3 - 21*v**2 + 95*v - 8217. Determine k(-32).
7
Let m(r) = -r**3 + 409*r**2 + 2918*r - 2500. What is m(416)?
-4
Let a(c) = -10*c**2 + 844*c - 356. Calculate a(84).
-20
Let f(q) = -2993*q - 3327. Give f(-2).
2659
Let f(q) = -533*q**2 + 4731*q - 22. Determine f(9).
-616
Let h(o) = 365*o**2 + 10567*o + 63. What is h(-29)?
585
Let k(t) = -138*t + 17712. What is k(128)?
48
Let a(d) = -2*d**3 - 7*d**2 + 26*d - 24. Give a(2).
-16
Let t(j) = -4*j + 3. Determine t(24).
-93
Let d(a) = a**3 - 851*a**2 + 492*a + 304304. Give d(850).
4
Let w(x) = -163*x**2 + 1619*x - 90. Give w(10).
-200
Let w(s) = -s**3 + 35*s**2 - 235*s - 590. Determine w(12).
-98
Let z(a) = -a**3 + 12*a**2 - 50*a + 656. Calculate z(9).
449
Let b(c) = -680*c + 14256. What is b(21)?
-24
Let c(y) = 1213*y + 67900. Calculate c(-56).
-28
Let g(q) = -4*q**2 - 12983*q - 51910. Give g(-4).
-42
Let i(x) = x**3 - 12401*x**2 + 161041*x - 28. Determine i(13).
-67
Let z(p) = 1999*p**2 + 12043*p + 299. Calculate z(-6).
5
Let k(w) = 4482*w - 627428. Calculate k(140).
52
Let k(u) = 11233*u + 1505365. Calculate k(-134).
143
Let x(m) = m**3 + 13*m**2 + 425*m + 3086. What is x(-8)?
6
Let q(k) = -2758*k + 2332. Determine q(1).
-426
Let p(o) = -3*o**3 + 134*o**2 - 257*o + 1871. Determine p(43).
65
Let d(u) = 4498*u + 40773. Give d(-9).
291
Let q(c) = 1043*c + 273280. Determine q(-262).
14
Let v(o) = 189283*o + 3596385. Calculate v(-19).
8
Let o(x) = x**3 - x**2 + 294*x - 2477. Calculate o(8).
323
Let f(h) = h**2 + 47689*h - 1097376. Calculate f(23).
0
Let y(n) = -9252*n + 4505725. Determine y(487).
1
Let o(n) = -235710*n + 4478494. Give o(19).
4
Let j(f) = -2*f**2 - 303*f - 2564. What is j(-9)?
1
Let t(f) = -13*f**2 + 3742*f + 4243. Determine t(289).
-92
Let k(y) = 1929*y + 77731. Determine k(-39).
2500
Let r(h) = -549*h + 120512. What is r(219)?
281
Let s(a) = 25*a**2 - 24270*a - 4863. What is s(971)?
-8
Let n(z) = -51*z**2 + 1566*z - 1086. Give n(30).
-6
Let w(u) = 22*u**2 - 534*u - 3385. Determine w(-5).
-165
Let x(d) = 3289*d - 144709. What is x(44)?
7
Let s(z) = z**3 - 254*z**2 - 844*z + 84888. Determine s(256).
-104
Let m(n) = -25*n**2 - 195*n - 42. What is m(0)?
-42
Let d(m) = -18371*m + 1984087. Calculate d(108).
19
Let i(d) = -1999*d - 13959. Determine i(-7).
34
Let d(s) = 707*s**2 - 2827*s - 22. Give d(4).
-18
Let d(m) = 82*m**3 - 247*m**2 + 1458*m - 4371. Calculate d(3).
-6
Let k(w) = -7987*w - 3506274. Give k(-439).
19
Let h(u) = -187*u**2 - 164*u + 4. Determine h(-1).
-19
Let a(s) = -701*s**2 + 115663*s + 341. Determine a(165).
11
Let k(d) = -8*d**3 - 67*d**2 + 4729*d + 38050. Give k(-8).
26
Let p(v) = -3760*v + 18799. Calculate p(5).
-1
Let g(a) = -3*a**3 - 110*a**2 - 260*a - 2998. Give g(-35).
-23
Let u(k) = -2*k**3 - 91*k**2 + 472*k + 1053. What is u(-50)?
-47
Let m(f) = -2*f**3 - 14*f**2 - 10800*f - 75578. What is m(-7)?
22
Let a(b) = -2740*b - 9077. What is a(-3)?
-857
Let z(p) = 134*p - 2972. What is z(22)?
-24
Let u(t) = -7*t**3 - 4*t**2 + 82*t - 15. Calculate u(3).
6
Let s(x) = x**3 + 9*x**2 - 26297*x + 104976. What is s(4)?
-4
Let l(j) = j**3 - 14*j**2 - 923*j + 432. Determine l(38).
14
Let q(t) = -t**3 - 45*t**2 + 509*t + 22907. Calculate q(-45).
2
Let c(u) = -8*u**2 - 2159*u - 4333. Calculate c(-2).
-47
Let i(g) = -11*g**3 + 748*g**2 - 20*g + 794. Determine i(68).
-566
Let l(b) = -95693*b + 765749. Calculate l(8).
205
Let u(y) = y**2 - 26*y - 1663. W